6972 is divided by 3602?
3558
What is the remainder when 9214671 is divided by 1676?
23
Calculate the remainder when 1163739 is divided by 957.
27
Calculate the remainder when 11157974 is divided by 43416.
62
Calculate the remainder when 18266895 is divided by 513.
504
Calculate the remainder when 4419771 is divided by 302.
1
What is the remainder when 108188 is divided by 22?
14
Calculate the remainder when 93665 is divided by 7790.
185
Calculate the remainder when 10155647 is divided by 13.
8
Calculate the remainder when 32105046 is divided by 56.
22
Calculate the remainder when 207951 is divided by 361.
15
Calculate the remainder when 709214 is divided by 3127.
2512
What is the remainder when 84021 is divided by 11080?
6461
Calculate the remainder when 2533833 is divided by 1704.
1689
What is the remainder when 130242 is divided by 1748?
890
What is the remainder when 15351556 is divided by 4024?
4020
Calculate the remainder when 712260 is divided by 259.
10
Calculate the remainder when 241899 is divided by 1602.
1599
Calculate the remainder when 1150393 is divided by 3407.
2234
What is the remainder when 94172304 is divided by 1631?
1626
What is the remainder when 165019 is divided by 33000?
19
Calculate the remainder when 2402572 is divided by 242.
238
What is the remainder when 1327646 is divided by 220?
166
Calculate the remainder when 413484 is divided by 266.
120
What is the remainder when 388079 is divided by 545?
39
Calculate the remainder when 3202423 is divided by 296.
295
What is the remainder when 126097 is divided by 20271?
4471
Calculate the remainder when 726474 is divided by 2162.
42
Calculate the remainder when 1684574 is divided by 1178.
34
What is the remainder when 1726 is divided by 559?
49
Calculate the remainder when 238277552 is divided by 3041.
3038
What is the remainder when 13572 is divided by 13528?
44
What is the remainder when 9966841 is divided by 4843?
4790
What is the remainder when 3999005 is divided by 1999495?
15
Calculate the remainder when 7597162 is divided by 124.
54
What is the remainder when 98735 is divided by 3788?
247
Calculate the remainder when 1376234 is divided by 5135.
54
What is the remainder when 298384723 is divided by 22?
21
Calculate the remainder when 6949680 is divided by 6949584.
96
Calculate the remainder when 34960633 is divided by 88.
81
What is the remainder when 26253 is divided by 25701?
552
Calculate the remainder when 24319882 is divided by 36.
10
What is the remainder when 22623068 is divided by 6116?
6100
What is the remainder when 427693 is divided by 8910?
13
What is the remainder when 2736148 is divided by 684031?
24
Calculate the remainder when 1249251 is divided by 1249157.
94
Calculate the remainder when 327597 is divided by 11296.
13
Calculate the remainder when 6745134 is divided by 1345.
1304
What is the remainder when 718949 is divided by 623?
7
Calculate the remainder when 9014363 is divided by 482.
481
What is the remainder when 116224 is divided by 57282?
1660
What is the remainder when 14170702 is divided by 3994?
3984
Calculate the remainder when 2850505 is divided by 42.
7
What is the remainder when 482691 is divided by 59?
12
What is the remainder when 9667330 is divided by 60?
10
Calculate the remainder when 512214454 is divided by 13.
11
Calculate the remainder when 124438 is divided by 302.
14
Calculate the remainder when 84878 is divided by 9390.
368
Calculate the remainder when 7225154 is divided by 160.
34
Calculate the remainder when 67413 is divided by 617.
160
Calculate the remainder when 1206465 is divided by 24129.
15
Calculate the remainder when 222880 is divided by 87.
73
Calculate the remainder when 1144637 is divided by 7682.
19
Calculate the remainder when 630686 is divided by 336.
14
Calculate the remainder when 490008 is divided by 82.
58
Calculate the remainder when 3955251 is divided by 659208.
3
Calculate the remainder when 385324 is divided by 48159.
52
Calculate the remainder when 12413293 is divided by 101.
90
Calculate the remainder when 78161347 is divided by 1663007.
18
What is the remainder when 53511 is divided by 17736?
303
What is the remainder when 2407885 is divided by 2620?
105
Calculate the remainder when 405439 is divided by 31184.
47
What is the remainder when 1235915 is divided by 308972?
27
Calculate the remainder when 29946 is divided by 14946.
54
What is the remainder when 812466 is divided by 81150?
966
What is the remainder when 1619802 is divided by 404943?
30
Calculate the remainder when 195423 is divided by 3260.
3083
Calculate the remainder when 41176730 is divided by 89.
79
Calculate the remainder when 367113809 is divided by 1578.
1577
What is the remainder when 52317717 is divided by 13?
10
Calculate the remainder when 1075226 is divided by 89550.
626
Calculate the remainder when 66584429 is divided by 1485.
1484
What is the remainder when 3222773 is divided by 19?
12
Calculate the remainder when 182834 is divided by 90480.
1874
What is the remainder when 43934315 is divided by 409?
353
Calculate the remainder when 39706447 is divided by 35.
32
What is the remainder when 41026 is divided by 3935?
1676
What is the remainder when 113858 is divided by 22447?
1623
Calculate the remainder when 3345262 is divided by 20778.
4
Calculate the remainder when 37630 is divided by 944.
814
What is the remainder when 1919454 is divided by 40?
14
What is the remainder when 2201491 is divided by 18?
1
What is the remainder when 254272 is divided by 63506?
248
What is the remainder when 2093333 is divided by 549?
545
Calculate the remainder when 6312219 is divided by 1246.
1229
Calculate the remainder when 85115278 is divided by 16.
14
What is the remainder when 1125574 is divided by 443?
354
Calculate the remainder when 6974562 is divided by 313.
296
What is the remainder when 8321795 is divided by 112?
83
What is the remainder when 8481230 is divided by 30?
20
What is the remainder when 22456044 is divided by 9177?
9102
Calculate the remainder when 3905635 is divided by 136.
123
What is the remainder when 2442177 is divided by 11?
1
What is the remainder when 8607320 is divided by 860728?
40
What is the remainder when 32968434 is divided by 343?
303
Calculate the remainder when 1408464 is divided by 351611.
2020
What is the remainder when 50400 is divided by 24832?
736
Calculate the remainder when 397493 is divided by 3749.
99
Calculate the remainder when 958186 is divided by 2.
0
Calculate the remainder when 68411269 is divided by 8.
5
Calculate the remainder when 6739149 is divided by 1488.
1485
Calculate the remainder when 72179 is divided by 17785.
1039
Calculate the remainder when 171083015 is divided by 552.
551
Calculate the remainder when 25067 is divided by 25025.
42
Calculate the remainder when 3887821 is divided by 694.
33
Calculate the remainder when 11552427 is divided by 6.
3
What is the remainder when 1473104 is divided by 736537?
30
What is the remainder when 5685098 is divided by 7631?
3
What is the remainder when 27474219 is divided by 9201?
33
Calculate the remainder when 315510 is divided by 315052.
458
Calculate the remainder when 1287005 is divided by 1077.
1067
What is the remainder when 557828 is divided by 2268?
2168
Calculate the remainder when 101836 is divided by 50350.
1136
What is the remainder when 2610012 is divided by 869984?
60
What is the remainder when 556782 is divided by 69596?
14
What is the remainder when 57382 is divided by 8190?
52
What is the remainder when 20654130 is divided by 4181?
4171
What is the remainder when 1574049 is divided by 11324?
13
What is the remainder when 2016377 is divided by 39?
38
Calculate the remainder when 2809284 is divided by 19924.
0
Calculate the remainder when 177352 is divided by 335.
137
What is the remainder when 1240261 is divided by 412958?
1387
What is the remainder when 33666195 is divided by 39?
30
Calculate the remainder when 1641167 is divided by 47.
21
What is the remainder when 1506806 is divided by 502248?
62
Calculate the remainder when 350143 is divided by 38860.
403
What is the remainder when 34065174 is divided by 612?
30
What is the remainder when 52238 is divided by 938?
648
Calculate the remainder when 141964 is divided by 304